5 - (13 - 14 - (4 + -11)).
-11
What is (4 - 0 - (47 + -43)) + -32?
-32
What is the value of (4 - 49) + 22 - -6?
-17
Calculate (10 - -6 - 9) + -14.
-7
Calculate -2 - -4 - (15 + -8) - -27.
22
1 + 0 + -2 - (-1 - (-13 + 18))
5
-6 + (1 + -1 - 4) + 7
-3
What is -15 + 1 + 17 - (-4 + -4 - -49)?
-38
Evaluate 13 + -4 - (-9 - (13 - 14)).
17
What is (-4 + 16 + 1 - 0) + (8 - -2)?
23
What is -357 - -342 - (1 + -14) - -4?
2
What is -1 - -2 - (1 + 25 + -9)?
-16
Calculate 2 + -7 + -2 + (25 - (17 - -9)).
-8
What is -9 + 14 + -2 - 21?
-18
Calculate 39 - 61 - (-5 + -3) - (0 - 2).
-12
What is 11 + (14 - 8 - 18) + (1 - -22)?
22
-13 + (13 - -5) - (-6 + 1 - 0)
10
43 + -73 - (-13 - 27)
10
-8 + (-6 - -8) + 8 - (-1 - 2)
5
What is the value of -3 + (40 + -18 - 8)?
11
Evaluate -6 - (-7 - (-13 + 9 + -9)).
-12
Calculate -13 - -20 - (21 + (-7 - -14) - 8).
-13
What is the value of -9 + 7 - (-1 + -1 + 3 + -4)?
1
What is -22 - (-45 - (-59 + 24))?
-12
What is -7 + ((-3 - -4 - -7) + -4 - 11)?
-14
What is 10 + -65 + -11 + 36?
-30
What is 3 - ((-2 - 8) + (1 - 1))?
13
-133 + 139 + 27 + -2
31
What is the value of 7 - (-7 - 3 - (1 - 0 - 10))?
8
What is (0 - -6) + (28 - 74 - -28)?
-12
Calculate (-2 - -4 - 16) + 36 + -33.
-11
Evaluate 4 + 13 + -16 + 4.
5
Evaluate -10 - (-13 - (-12 + 5)).
-4
Evaluate -31 + 1 + 31 - (-8 + 0).
9
What is 0 + -15 + (-714 - -728) + (1 - -27)?
27
Evaluate 19 + (-41 - -8) - -9.
-5
Evaluate -46 - (70 - 80 - (7 + -2)).
-31
What is (60 - 76) + (1 - -28)?
13
What is the value of (2 + 1 - (-15 + -8 - -34)) + 28?
20
What is -10 + 15 - (-3 + -2 + (1 - 1))?
10
What is 1 - (7 - 12) - (3 - -10)?
-7
Evaluate (-6 - 1) + (38 + -22 - (-6 + -2)).
17
What is (-126 - -119) + (0 - -21)?
14
Evaluate 1 - 9 - (-2 + -10 - (-46 + 47)).
5
What is 17 + -1 + -23 - (-13 - 2)?
8
What is the value of 6 + 0 + (-17 + 14 - 5)?
-2
What is the value of -2 + (-4 - -4 - -4) + (1 - 2)?
1
Evaluate (1 - (3 + 12 + 8)) + 2.
-20
What is 14 + 7 + 14 + -54?
-19
Calculate (51 + -75 - -47) + 0 + -12.
11
Evaluate 7 + 5 + (1 + -6 - -4 - -6).
17
What is the value of (-2 - 0) + -7 + -9 + 15?
-3
Calculate 7 + -1 - (4 - ((0 - 12) + 0)).
-10
-1 - (5 - 5 - -5) - (5 + -9)
-2
What is the value of (-2 - (13 + -17)) + 0 + (-14 - 1)?
-13
(-5 - -1) + (1 - 6) + 12 + 8
11
0 + -4 + 2 - (-34 - (-36 + 19))
15
What is 9 - (9 + (27 - 12))?
-15
-27 + 3 + -1 + -295 + 301
-19
Evaluate -73 + 36 + (14 - -20).
-3
What is the value of 0 + -2 + (-19 - -1) + (4 - -4)?
-12
What is 24 - 15 - 8 - (27 + -6 + 3)?
-23
22 - (23 - (-8 + 0))
-9
What is -2 + 10 - 37 - -22?
-7
Evaluate (-18 - 11 - -38) + -2 + -6.
1
-17 + (1 - 17 - -34)
1
(-28 - (5 + -29)) + 1 + -2 + 8
3
Calculate 3 - (-4 + 7) - -7 - 13 - -17.
11
Calculate 28 + -12 + (-3 - 4) + 8.
17
Calculate 17 + (-11 - (4 - 11)).
13
Evaluate (-1 - (0 - -2) - (142 - 162)) + -7.
10
Calculate (9 + -14 - (0 - 14)) + 5.
14
What is the value of -26 - (-12 + 7 - -2)?
-23
Evaluate 6 + 1 - (-40 - -26 - (-12 - -15)).
24
What is the value of 18 + (4 - (23 + -19))?
18
What is 19 + -11 - 24 - -8?
-8
14 + (-3 - (8 + -8))
11
Calculate 25 - 0 - (5 + 9 - -2).
9
What is the value of 28 + -13 + -23 + (1 - 19 - -3)?
-23
What is -8 + (21 - 20) - 12?
-19
What is -6 - (15 - (18 + -12))?
-15
Calculate (-10 - 1) + (-416 - -443).
16
Evaluate 9 + (-35 - -10) + 24.
8
5 + -1 + 4 + -6 + (12 - 7)
7
Evaluate 3 + -21 + (-1 - (-4 - 5)).
-10
Calculate -14 + 1 - (-76 + 23 + 33).
7
What is -16 + (0 - (1 + 13 + -9))?
-21
Calculate -4 - (3 - 16 - (30 + -40)).
-1
Calculate -17 + 3 + -10 + (-13 - -19).
-18
What is the value of -2 + -1 + 1 + (68 - 67)?
-1
What is the value of (2 + -11 - -10 - -5 - -1) + 14?
21
Calculate 0 - -8 - (3 - (-8 + 10)) - -11.
18
Evaluate -11 + ((12 - 4) + -8 - -9).
-2
What is -1 - 4 - (43 - 26 - 23)?
1
Evaluate 12 + -6 - (0 + (-7 - -3)).
10
What is the value of -3 + 17 - (25 - 4)?
-7
What is the value of 69 - 58 - (-4 - -6)?
9
-1 + 17 - (5 + 11)
0
What is -36 + 26 - (2 + -6) - 5?
-11
-66 + -16 + 43 + 20
-19
21 - ((-18 - -24) + 7)
8
Evaluate 32 - (28 - 1) - 7.
-2
What is 2 - 31 - ((-10 - 1) + 545 + -533)?
-30
Evaluate (27 - 3) + (16 - 48).
-8
What is 1 - (3 - (2 - 1) - (16 + -9))?
6
Evaluate -25 - -5 - (-96 + 76).
0
Calculate -82 - -75 - (-13 - 0).
6
What is 21 - (8 - (6 + 11 + -11) - 9)?
28
What is the value of 126 + -136 - (-2 - 15 - -2)?
5
What is 30 + -16 + -12 - -3?
5
(2 + 5 - (3 + -4)) + -8
0
Calculate (-14 - (-7 + -19)) + -5.
7
Evaluate -10 - (33 + -50) - 26.
-19
What is the value of -17 - ((1 - -5) + -115 + 115)?
-23
Calculate (-25 - 13 - -20) + 13.
-5
What is -725 + 700 - (-35 + 1)?
9
Calculate -1 + (14 + 0 - 7) + -38 - 7.
-39
What is the value of -2 - (-6 + 4 + -9)?
9
Evaluate (22 - 41) + 3 + 13.
-3
10 - -6 - 13 - -14
17
Calculate 52 + -46 + 25 + -13.
18
Calculate 5 + -21 + 2 + 26 + -22.
-10
What is the value of 12 + -12 - (3 - -2)?
-5
What is the value of (-16 - (-46 + 74)) + 55?
11
Evaluate -39 + (-53 - -45) + 22.
-25
13 + -3 - (0 + (-22 - -23))
9
Calculate -15 + (45 - (20 - 6)).
16
(9 - 2) + -9 + (3 - -1 - 10)
-8
Evaluate (-1 - 3) + (-4 - -5 - -1) - -7.
5
-2 + -12 - (14 - 27 - -11)
-12
Evaluate 25 - (-7 - -30) - (1 + -10).
11
What is 15 - (11 + -6 + 3 + -4) - 9?
2
-9 + (-8 - (4 + (-6 - -4)))
-19
6 + -2 + (21 - 1 - 5) + -4
15
What is -5 + -6 + (5 - -8) + -8?
-6
Evaluate 1 + -28 - (-48 + (-13 - -48)).
-14
What is the value of -4 - (25 - (-1 + 9 + (-15 - -6)))?
-30
Calculate -16 - (7 - (-3 + 0 - (-2 + -14))).
-10
-22 + (18 + -11 - 0)
-15
What is the value of (-16 + 17 - (-1 - -18)) + 8?
-8
What is the value of 6 - ((0 - -3) + 0 - -3)?
0
Calculate 9 + 1 + (-9 - -24 - (1 - -10)).
14
Evaluate 7 - 8 - (1 + (11 - 3)).
-10
(2 - (-5 + -1)) + -4 + 6
10
Evaluate -3 + (9 - 44) + (6 + -4 - -6).
-30
What is -7 + -3 - (-66 - -51)?
5
What is the value of (0 - 10) + 15 + -7 + 11?
9
Evaluate (34 - 31) + -13 + (0 - 0) + 4.
-6
Calculate (-4 + -7 - (8 + -13)) + -1 + -2.
-9
What is -92 + 93 - (0 - 0 - -1)?
0
18 - ((17 - 11) + 8 + (8 - 14))
10
What is (-16 - (-32 - -20)) + 17?
13
Calculate (-13 - (-50 + 23)) + (-2 - -2).
14
What is the value of 2 + -4 + 6 + -8 + 8?
4
Calculate 27 + (-28 - (46 - 36)).
-11
Calculate (-5 - (-3 + -8 - -5)) + (-9 - 0).
-8
What is the value of (119 - 38 - 60) + -5 + 0 + -1?
15
Evaluate 14 + -32 + 4 + (2 - -3).
-9
What is the value of 0 + -1 - (-223 + 205)?
17
Calculate (3 - -1) + -3 + (-1 - -1).
1
Evaluate 1 + -1 + (-19 - (3 - 18 - -27)).
-31
What is the value of 2 - (11 + (-7 - ((0 - 5) + 1)))?
-6
Evaluate 0 + (-96 - -57 - (-2 + -1)).
-36
1 - (-10 + (6 - -20) - -2)
-17
What is the value of (-7 - 2 - (-17 - -16)) + (0 - 2)?
-10
Calculate 6 - 7 - (18 + (3 - 6) + -3).
-13
What is the value of -7 - (15 - ((11 - 15) + 9))?
-17
19 + (24 - 43) + -25
-25
What is the value of -2 + -1 - (-2 + -29 - (-68 - -56))?
16
Calculate 52 + -15 + -16 + 4.
25
Evaluate 461 + -460 + (1 - -26).
28
What is the value of 1 - (-12 + 6 + 4 - 14)?
17
(11 - (19 - -6)) + 17
3
What is the value of 2 - 2 - (-2 + 0 + 2)?
0
16 + (3 - 9 - -13) + -6
17
What is -5 + 7 + 1 + (6 - 12)?
-3
Evaluate 77 - 44 - 58 - -41.
16
Calculate -1 - ((-2 - 16) + (-4 - (-18 - -9))).
12
What is the value of 9 - (-38 + 31 + (-1 - -12))?
5
What is the value of -5 - ((12 - (-13 - -22)) + -20)?
12
Evaluate (-4 - (-2 - 0) - (39 - 44)) + -20.
-17
(-3 - -2) + 0 - (-6 + (-21 - -37))
-11
Evaluate (1 - -1) + 2 - (-12 + -5 + 8).
13
Calculate (-47 - -53) + 0 + 1.
7
What is -5 + 17 + -22 + 2 + -5 + 12?
-1
What is 14 + 2 + -18 + -13?
-15
What is 297 - 291 - (-7 - (-1 + 4))?
16
0 + -7 - (1 + -2 - (-95 - -92))
-9
What is -4 + (-12 - -3) - -9?
-4
Calculate -5 + (-2 - -5) - -12 - 23.
-13
What is 22 - (-1 + 7 + (44 - 40) + -5)?
17
Calculate -5 - (-6 + 6 + 5 - 11) - -4.
5
-37 + 43 - (5 + (-2 - -6) + -5)
2
Calculate (-3 - -9 - 6) + (-6 - -11).
5
Evaluate (455 - 449) + 1 + (1 - 0).
8
-29 + 21 + 12 - -15
19
What is the value of 41 + -23 + (-2 - 41)?
-25
What is (-4 - -12) + -2 + -6 - (-14 + 4)?
10
Evaluate -26 + (9 + -12 - 0).
-29
What is 9 + -42 + 14 + 3?
-16
What is the value of -21 + -19 + (39 - 12)?
-13
(8 - -28) + 5 - 20
21
What is the value of 25 + -37 - (-6 + 9) - -42?
27
-5174 + 5145 + (1 - (1 + -1))
-28
Calculate 2 - -4 - (-7 - (-25 + (8 - 2))).
-6
Calculate 9 - (-4 - (-12 + 5)) - -8.
14
Evaluate 10 - 1 - (2 + 3 + 62 + -64).
6
Calculate -9 + -11 + 2 + 30 + -39